ppose -3*f = -4*r - 8515, -3*f + o*r + 8512 = 4*r. Is f prime?
True
Is 50/(-725) + (-25804386)/(-174) prime?
True
Suppose 0 = s - 10*s + 279. Suppose -s*m + 36*m = 30. Suppose m - 167 = -b + 3*x, -2*x = -b + 157. Is b a composite number?
False
Let i = 2710 - -2011. Is i a prime number?
True
Let b = -29 - -13. Suppose -m = -0*m + 5*i - 11, 4*m - i - 23 = 0. Is 9590/m - b/(-12) composite?
False
Let o(u) be the third derivative of 47*u**5/120 + u**4/8 - u**3/2 - 6*u**2. Let h(a) be the first derivative of o(a). Is h(2) a composite number?
False
Suppose 2*u + 15 = 3*g, 8 - 5 = g. Let o(b) = 344*b**2 + 53*b - 4. Is o(u) composite?
True
Suppose -i = -t + 2, 0 = 2*i + 4*t - 4 - 16. Suppose -17*y = -21*y + 3*w + 3511, 2*y - 1752 = -i*w. Is y a composite number?
False
Let i be 1*(4 + (-6 - -5)). Let m(l) = 1011*l**2 + 5*l - 5. Is m(i) prime?
True
Suppose 2*r + 2*r = -20, -2*w = -4*r - 164. Let b = 252 - w. Let l = 277 - b. Is l a composite number?
False
Suppose 3*p = -2*h + 75411 - 18048, 4*h = -5*p + 95607. Let y = p + -6460. Is y a prime number?
True
Let z(u) = 6*u + 13. Let b(v) = -v. Let h(o) = 5*b(o) + z(o). Let p be h(-9). Suppose 0*c - 564 = -p*c. Is c a composite number?
True
Let t(k) = 24*k + 13. Let l(m) = 4*m**2 - 5*m**2 + 2*m + 6 + 2*m**2 - 13*m. Let h be l(11). Is t(h) composite?
False
Let f = 14 - -22. Let w be (1/3)/(-1 - (-32)/f). Is (2 - 1 - 150)*(-4 + w) composite?
True
Let n(x) = 4712*x**2 - 6*x + 53. Is n(-7) a prime number?
False
Let d(g) = -10448*g**3 + 6*g**2 + 55*g + 212. Is d(-5) prime?
True
Let z be -21345 - 3/(-2)*(-12)/(-6). Let v = 333 - z. Is v/195 + (-2)/13 composite?
True
Suppose 0 = -7*g + 3*g + 5888. Let v = g + -900. Suppose 61*d - 65*d = -v. Is d a composite number?
True
Let a(u) = -2533*u + 191. Is a(-6) a prime number?
False
Let l be 8/(2 - (3 - (-79)/(-80))). Let r = l + 938. Let n = 75 + r. Is n composite?
False
Let n = 3834 + 9922. Suppose 3*z + h - 20659 = 3*h, -2*z - 2*h = -n. Is z a prime number?
True
Suppose -3*j + 1936 + 1514 = 0. Suppose 0 = 11*q + j - 270. Let c = q + 1033. Is c composite?
False
Suppose 30971457 = 81*y + 24*y + 192*y. Is y composite?
False
Suppose -5*a - 5*u = -15795, 15783 = 5*a + u + u. Suppose 8*t = 13*t - a. Is t composite?
False
Let l(x) = 36299*x**2 + 23*x + 25. Is l(-1) a prime number?
False
Suppose -2*g = -8, -2719 = -x - g + 530. Suppose -2*r = -3*h + 23411, r - x - 20154 = -3*h. Is h a prime number?
False
Is (-54)/5103*-9 - 2169361*(-2)/42 a composite number?
True
Let s(i) = 6*i**3 + 11*i**2 + 7*i + 9. Let m(q) = -13*q**3 - 23*q**2 - 14*q - 18. Let b(d) = -2*m(d) - 5*s(d). Let h be (-1 - 1)/(1/3). Is b(h) prime?
False
Suppose 12 - 6 = 2*a. Suppose a*y + 4*l = 10191, -2*y + 16950 = 3*y - 5*l. Let r = y - 1427. Is r a prime number?
False
Let z be 3/2*(-68444)/(-6). Suppose 3*n + l = z, -l - 8674 = -2*n + 2725. Is (-2)/(-9) + n/18 composite?
False
Let q(k) = 3591*k**2 + 51*k - 631. Is q(10) a prime number?
True
Is (2474181/(-18))/(19/(-76) + (-3)/12) composite?
False
Let n(c) = -c + 30. Let i be n(28). Suppose i*m = 40*a - 38*a - 1840, -5*a - 2*m + 4607 = 0. Is a prime?
False
Let f be ((-15)/(-25))/(2/60). Suppose 4*x - h = 3*x + 6, -5*h - f = x. Suppose 3*r - p = -0*p + 382, x*p = 5*r - 637. Is r a composite number?
False
Suppose -7*s + 24 = -5*s. Is ((-1574)/(-6))/(4/s) a composite number?
False
Let i(g) = 97309*g**2 + 604*g - 12. Is i(-5) prime?
False
Let c(z) = 13*z**3 + 18*z**2 - 32*z - 141. Is c(20) a prime number?
True
Let h be (-34580)/6 - 13/(-39). Let d = -2810 - h. Is d a composite number?
False
Let y = -112 - -110. Is y/(-13) + 3/((-273)/(-30107)) composite?
False
Let n be 465/124 - ((-1)/4 - -1). Suppose -2*m = n*q - 14 - 20, 0 = -4*m + 20. Is (q + -5 + -6)/(3/(-1511)) composite?
False
Suppose 2*d + 4500 = 43864. Suppose -d = -4*z + 3914. Is z a prime number?
False
Suppose 71263 = 6*u - 20663. Is u/5 - 28/(-35) composite?
True
Let k be ((10 - 4) + 24)/((-3)/(-11846)). Is ((k/(-8))/5)/((-6)/12) composite?
False
Let v = 1986241 - 1215824. Is v composite?
False
Suppose -f + j + 114149 = 0, 4*f - 2*j - 456608 = -j. Suppose -26*l + f = 13*l. Is l prime?
True
Let o(f) be the third derivative of f**6/40 - 11*f**5/30 + 25*f**4/24 - 215*f**3/6 - 34*f**2. Is o(19) prime?
False
Let g(r) = 12*r**2 - 6*r + 13. Let f be g(6). Suppose f + 337 = 2*b. Is b composite?
False
Let y(a) = -11434*a**3 - 12*a - 23. Is y(-2) a prime number?
False
Suppose -3*c - 15 = -6*c. Suppose 11*a - 8*a - 5*v = 14280, -5*v + 23840 = c*a. Is a composite?
True
Let z(v) be the third derivative of -v**5/2 + v**3/6 - 7*v**2. Let w(j) = -29*j**2 - j. Let c(h) = -5*w(h) + 4*z(h). Is c(-3) a composite number?
True
Suppose 12*f - 20*f = -72. Suppose 3874 = -f*a + 12631. Is a composite?
True
Suppose -15591 + 288 = -7*f + 4556. Is f a composite number?
False
Let f(k) = 637*k. Let n be f(-4). Let h = n - -1469. Is (-8)/(-2 + -2) - h a prime number?
False
Let w be ((-100)/250)/(((-7)/60)/7). Is -9 + w/6 - -3*6100 a composite number?
True
Suppose -50 = -4*v - 5*f, -58 = -6*v + v - 4*f. Let u(h) = v - 15*h + 5 + 11*h**2 + 50*h**2 - 3*h**2. Is u(8) a prime number?
True
Suppose 0 = l - 2*l + 601. Let q be 1/(9/(-69))*-114. Suppose 2*h + q + l = 5*n, 2*n - 566 = -4*h. Is n composite?
False
Let w = 432 + -477. Suppose 3 = -n - 0. Is n/(-5) - 70308/w a composite number?
True
Let n = -5 - -8. Let x(v) = -2*v**3 - 12*v**2 + 31*v + 5. Let b be x(-8). Suppose 0 = -3*r - 1 + b, 5*i + n*r - 17977 = 0. Is i a composite number?
False
Let p(b) = -6*b + 159. Let u be p(22). Is u/(-135) + 8382/10 a composite number?
True
Suppose -262 = -a + 297. Let j be 9/108*22*12 + 5 + 1. Let g = a + j. Is g composite?
False
Let r = 435 + -119. Suppose i + 4*b - 331 = r, 0 = -3*i - b + 1908. Is i a composite number?
True
Suppose 43*r - 2370166 = 1258045. Is r a composite number?
False
Suppose -l = 3*p + 24, -l + 48 = -5*p - 0*l. Let j be 4/(-12) - (0 + 228/p). Suppose w - j = 52. Is w composite?
True
Suppose 34*h + 4341461 = 27012559. Is h a composite number?
True
Let y be (3/1)/(-3)*-701 + 4. Suppose 0 = -l - 2*l + y. Is l a prime number?
False
Let i = -189 - 182. Let l = 622 - i. Is l a prime number?
False
Suppose 0 = -16*w + 4*w + 36. Suppose -58 = -w*l - l + 2*f, 3*l - 38 = -4*f. Is ((-6)/9)/((l/2937)/(-7)) prime?
False
Suppose -2*w + 2*i + 2*i = 149182, 2*w + 3*i + 149175 = 0. Is (-2)/(-8) + w/(-188) a composite number?
False
Is (-361)/19 + 1 - -1521565 prime?
True
Let w(f) = f**3 - 5*f**2 - 11*f - 18. Let a be w(7). Suppose 0 = -o - a*l - 104, 59 - 475 = 4*o - 3*l. Let s = 661 + o. Is s composite?
False
Let r be -14*((-21)/(-6) + -4). Let d = -4 + r. Suppose 785 = 2*j + d*j. Is j composite?
False
Let v = 48 - 46. Suppose 32494 = -v*s + 9*s. Suppose s - 917 = 5*b. Is b a prime number?
False
Suppose 2*t - 4*u = -t + 2375, 5*t = 2*u + 3935. Let n = 1207 - t. Is n composite?
True
Let r(t) = t + 13. Let s be r(19). Let a = 26 - s. Let y(h) = -h**3 - 2*h**2 + 4*h + 7. Is y(a) a composite number?
False
Let w(l) be the third derivative of l**5/4 - 3*l**4/8 + 23*l**3/6 - 4*l**2. Is w(8) a prime number?
True
Let c = 262252 + -185111. Is c a prime number?
True
Suppose -7019239 - 9931959 = -22*s. Is s prime?
False
Is ((-4173)/208 - -20)*-2972752 a composite number?
False
Let m(n) = -n**3 - 28*n**2 + 82*n + 35. Is m(-32) composite?
True
Let b = 284 - 281. Suppose -3*u = 0, 2*c - b*u - 4438 = -5*u. Is c a prime number?
False
Let s = 95 - 65. Let h = s + -30. Suppose 0 = 5*c + 5*z - 1595, c + 2*z - 4*z - 319 = h. Is c composite?
True
Let f(g) = 7394*g**2 - 190*g + 1677. Is f(10) a composite number?
True
Is ((-3932235)/(-100) - (-4)/10) + (-7)/(-28) composite?
False
Let i(l) = 135*l**2 - 18*l + 31. Suppose -8*v = -25*v + 238. Is i(v) a composite number?
True
Let c = -855764 + 2024329. Is c composite?
True
Suppose 14*h - 381785 - 1151313 = 0. Is h a composite number?
False
Suppose 3*j + 22 = 4*t, 0*j + 3*j = 3*t - 18. Suppose -2*s - 283 = -n, 1415 - 279 = 4*n - t*s. Let u = n + -136. Is u a prime number?
True
Suppose 13 = 5*m - 2. Suppose m*g + 2*g = 10. Is g/(-1) - (-494 - 1) composite?
True
Let o be (-262)/4*(7 - 15). Suppose 5*a = 5*j + 555, 0 = -3*a + 4*j + 35 + 297. Suppose 2*s = 3*b + 2*b - o, a = b + 2*s. Is b composite?
True
Let x(z) = 9*z**2 + 13*